e -30*z + 83980 + 282771 = -48269. What are the prime factors of z?
2, 6917
Let w = 382 - -508. Suppose -5*n = -2*b - 895, 6*n - b - w = n. List the prime factors of n.
3, 59
Suppose -x = -3*d + 9, 0 = -7*d + 4*d - 2*x. Suppose 1603 = d*r + 4*z + 481, 4*r + 2*z = 2220. What are the prime factors of r?
7, 79
Suppose 21*n - 140205 = 658257. List the prime factors of n.
2, 3, 6337
Suppose 53*i - 1229009 = -316455. List the prime factors of i.
2, 8609
Let x be (-32)/24*(-42)/4. Let c be -1 - (-242)/x - 2/7. Suppose -c + 60 = 11*l. List the prime factors of l.
2
Let t be (12/8)/((-9)/156). Let l = t - -59. Let y = l + -12. What are the prime factors of y?
3, 7
Suppose 2*t + 8*t + 9*t + 2964 = 0. Let x = 358 + -38. Let i = x + t. List the prime factors of i.
2, 41
Suppose 3*y + 815 = -5*c, 6*y - 5*c + 560 = 4*y. Let w = y - -638. What are the prime factors of w?
3, 11
Let x = 31165 + -13235. List the prime factors of x.
2, 5, 11, 163
Suppose -10 = 3*i - i. Let f(z) = 22*z - 13. Let c be f(i). Let a = -73 - c. What are the prime factors of a?
2, 5
Suppose -2*l = 5*z - 1, -2*z - l - 4 + 5 = 0. Let j(q) = -690*q + 15. What are the prime factors of j(z)?
3, 5, 47
Let x be (-274)/((-7)/(14 - 7)). Suppose 2*k + 2*s = x, 4*k + k - 640 = 4*s. What are the prime factors of k?
2, 3, 11
Let y be 1/(0 + 164/32 + -5). Suppose 0 = 19*z - y*z - 9625. What are the prime factors of z?
5, 7
Let k = -93 + 93. Suppose -4*n - 5*r = -0*n - 92, k = -3*r. List the prime factors of (4/(-6))/(-2) - n/(-3).
2
Let j = -1221 - -3130. Let w = -1057 + j. List the prime factors of w/15 - (-2)/10.
3, 19
Let y = -32169 - -56607. List the prime factors of y.
2, 3, 4073
Let v(f) = 35*f**3 - 40*f**2 + 291*f + 96. List the prime factors of v(13).
2, 23, 1609
Let q(s) = -188*s - 258. List the prime factors of q(-40).
2, 3631
Let a(t) = -t**3 + 26*t**2 - 11*t - 105. List the prime factors of a(16).
43, 53
Suppose -5*o - 16 = 19. Suppose -u - 318 = 4*z, 5*z + 76 = u - 317. Let y = o - z. List the prime factors of y.
2, 3
Suppose 3*a + 1192 = 154*q - 153*q, 5*q - 1970 = 5*a. Let v(d) = -10*d**2 + 6*d + 4. Let u be v(-4). Let w = u - a. What are the prime factors of w?
3, 73
Suppose 5*f + 18*f = -98*f + 890439. List the prime factors of f.
3, 11, 223
Let m(c) = c**3 - 27*c**2 + 18*c + 9. Let b be (7 + -1)/(68/306). List the prime factors of m(b).
3, 5, 11
Let j(s) = s**2 + s + 3. Let k be j(0). Let m be (-1)/(1/(-372)*k). List the prime factors of (m/(-6) + -1)/((-10)/120).
2, 5, 13
Suppose 6*h - 8 = 22. Suppose 114 = -h*l - 131. Let k = -29 - l. List the prime factors of k.
2, 5
Let m be (-656)/6 + 2/6. Let p = m + 298. List the prime factors of ((-4)/18)/(-1) + 20937/p.
3, 37
Let h be (-3)/((-42)/(-4)) - 270/35. Let x(d) = -d**3 + 7*d**2 - 13*d - 10. What are the prime factors of x(h)?
2, 17, 31
Suppose 3*q = 8*q - 2*v - 17420, v + 10452 = 3*q. List the prime factors of q.
2, 13, 67
Let c(t) be the second derivative of 7*t**3/6 - 13*t**2 - 17*t - 4. Let m = 19 + -3. What are the prime factors of c(m)?
2, 43
Let a be 9 + -13 + (-3522)/(-3). Suppose 7*m = -3*m - a. Let c = m - -314. List the prime factors of c.
197
Suppose 35331 = 21*f - 6816. Suppose 7*v - 2665 = 3*v + u, 2*u = -3*v + f. What are the prime factors of v?
23, 29
Let b(o) be the third derivative of -19/12*o**4 - 4 + 0*o + 13/3*o**3 - 3*o**2. List the prime factors of b(-3).
2, 5, 7
Suppose -3*m - 3*y + 150342 = -61980, 5*m + 3*y - 353872 = 0. What are the prime factors of m?
5, 19, 149
Let d(q) = 21 + 568*q + 5 + 1. List the prime factors of d(3).
3, 577
Suppose -23*l + 20*l + 1058 = 5*w, -l - 5*w + 326 = 0. What are the prime factors of l?
2, 3, 61
Let x be 2/((-10)/(-15))*1. Suppose -5*f - 4*t + 1824 = 0, -5*t + 51 + 1046 = x*f. What are the prime factors of f?
2, 7, 13
Suppose 24*o - 7682 = 23*o - 4*v, 0 = 5*o - v - 38410. What are the prime factors of o?
2, 23, 167
List the prime factors of -11579*(0 - (-11 + 12)).
11579
Let i(y) = 3*y**2 + 7*y - 11. Let l be i(-10). Suppose 225*p = l*p + 5844. List the prime factors of p.
2, 487
Let n = 691 - -4916. List the prime factors of n.
3, 7, 89
Let j = 23 + -14. Suppose j*v - v - 3*v = 0. Suppose -4*u - n + 5*n + 444 = v, 5*u + 5*n = 595. List the prime factors of u.
5, 23
Suppose -2*i + 85728 = -2*g, -1417 = i + g - 44289. List the prime factors of i.
2, 7, 1531
Let p(z) = 3*z**3 - 3*z**2 - z + 8. Let h be p(4). Suppose 418 = 149*i - h*i. What are the prime factors of i?
2, 11, 19
Suppose -15 = 3*s, -41182 + 1445 = -x + 4*s. What are the prime factors of x?
3, 1471
Suppose -131462 = -4*g - 210*i + 205*i, -2*g + 2*i + 65722 = 0. List the prime factors of g.
59, 557
Let q be 12194/14 + 0 + 7. What are the prime factors of -122 + q - (-5)/2*-2?
751
List the prime factors of (-702 + 699)/(3395/(-3392) + (0 - -1)).
2, 53
Suppose 126*v = 131*v + 20. Let y(h) = -5*h**3 - 5*h**2 - 8*h + 4. List the prime factors of y(v).
2, 3, 23
Let d(r) = 11*r + 146. Let t be d(-13). Suppose -1628 - 565 = -t*v. List the prime factors of v.
17, 43
Let w = 1806 - 987. What are the prime factors of 2 + 36/(-16) - w/(-12)?
2, 17
Let z(w) = 354*w + 112. What are the prime factors of z(6)?
2, 13, 43
Suppose -p + 4*p - 23 = 5*c, -2*c - 10 = -2*p. Let j(r) = 328*r - 23. Let b(y) = -109*y + 8. Let h(k) = 17*b(k) + 6*j(k). List the prime factors of h(p).
113
Suppose 4*z - 10*z = 5*z. Suppose 3*c = 2*s - 925 - 406, -s - c + 663 = z. Suppose -s = -4*l + 4*i, 4*i = -5*l + 818 - 15. List the prime factors of l.
163
Suppose 2*f + 5*g = -7, 0 = -60*f + 63*f + 5*g + 8. What are the prime factors of (2036/(-12) - f)*18/(-6)?
2, 11, 23
Let p(s) = s**2 - 22*s - 17. Suppose 0 = -4*b + b - 291. Let d = b - -122. List the prime factors of p(d).
2, 29
Let x = -12 - -15. Suppose -5*y + x*p = 19, -3*p + 17 = -7*y + 3*y. What are the prime factors of 24*(-16)/(-6) - (-4)/y?
2, 31
Suppose 14*q - 11*q = 963. Suppose n = q - 7. List the prime factors of n.
2, 157
Let b(f) = -f**3 + 34*f**2 + 12*f - 84. Let n be b(34). Suppose -28*j = -27*j - n. List the prime factors of j.
2, 3
Suppose 50*g - 14*g - 1872 = 0. Let w(d) = -d**3 - 6*d**2 - 7*d - 6. Let n be w(-6). Let s = g - n. List the prime factors of s.
2
Let j = -1746 - -2905. Suppose -g - j = -2*g. What are the prime factors of g?
19, 61
Let u(g) = 21*g**2 + 13*g - 26. Let n be u(2). Suppose -91*s + 6867 = -n*s. What are the prime factors of s?
3, 109
Let r = 51225 - 26267. List the prime factors of r.
2, 12479
Suppose 4*j + 29775 - 265258 = 3*w, -4*w = -4*j + 235480. List the prime factors of j.
113, 521
Let j(i) = i**2 + 19*i + 76. Let t be j(-14). What are the prime factors of (26/(-39))/(t/9)*-1007?
19, 53
Let u(c) = -c**3 - 7*c**2 - 2*c + 4. Let d be u(-5). Let y = 61 + d. Let a(o) = -o**2 + 27*o + 38. List the prime factors of a(y).
2, 11
Suppose -5*y = -r + 5, 6*r - r + 4*y = 25. Suppose 0*c - z - 3925 = -4*c, 3*z - 4885 = -r*c. What are the prime factors of c?
2, 5, 7
Let v be ((-3)/2)/(30/(-280)). Let u = v - 2. Let l = 29 - u. List the prime factors of l.
17
Suppose 4*v - 9*v - 250 = 0. List the prime factors of (-7)/((-8)/2 - 199/v).
2, 5, 7
Let a = 11 - 11. Suppose b + 52 - 55 = a. Suppose 0 = -b*t + 533 + 73. What are the prime factors of t?
2, 101
Let h(g) = -g**3 - 11*g**2 - 14*g - 22. Let m be h(-10). Suppose 0 = 12*r - m*r + 5454. What are the prime factors of r?
3, 101
Suppose -11*y + 3*y + 72672 - 1496 = 0. List the prime factors of y.
7, 31, 41
List the prime factors of 120/(0 + 10) - (-16756 - 7).
5, 11, 61
Let d = -991 - -1483. Suppose -3*t = t + d. Let c = t - -175. List the prime factors of c.
2, 13
Let q(s) = s**3 - 23*s**2 + 24*s + 32. Suppose -3*z = 2*w - 4*w - 128, 0 = -4*z - 4*w + 184. Let v = z + -22. What are the prime factors of q(v)?
2, 19
Let n(y) = -y**2 - 8*y - 2. Let v(u) = -2*u**2 - 17*u - 5. Let r(q) = -13*n(q) + 6*v(q). Let d be r(4). List the prime factors of 231/(-2)*d/(-30).
7, 11
Let c = -394 + 567. Suppose 3*q - 307 = c. What are the prime factors of q?
2, 5
Suppose 500 = 2*k + 3*k. Suppose -3*f + 911 = -k. List the prime factors of f.
337
Let t = 42056 - 5802. List the prime factors of t.
2, 18127
What are the prime factors of (1050336/9)/14 + 13?
3, 11, 23
List the prime factors of ((-1328)/(-12))/(36/837).
31, 83
Let c = 175 